{"id":1907,"date":"2025-06-13T14:52:36","date_gmt":"2025-06-13T14:52:36","guid":{"rendered":"https:\/\/psy-sylviaderoulhac.fr\/?page_id=1907"},"modified":"2025-06-16T09:55:23","modified_gmt":"2025-06-16T09:55:23","slug":"politique-de-confidentialite-rgpd","status":"publish","type":"page","link":"https:\/\/psy-sylviaderoulhac.fr\/?page_id=1907","title":{"rendered":"Politique de Confidentialit\u00e9 (RGPD)"},"content":{"rendered":"\n<p>Dans le cadre de son activit\u00e9, <strong>Sylvia de Roulhac<\/strong>, psychanalyste et psychopraticienne, est amen\u00e9e \u00e0 collecter et traiter des donn\u00e9es \u00e0 caract\u00e8re personnel. Cette politique de confidentialit\u00e9 a pour objectif de vous informer sur la mani\u00e8re dont vos donn\u00e9es sont collect\u00e9es, utilis\u00e9es et prot\u00e9g\u00e9es conform\u00e9ment au R\u00e8glement G\u00e9n\u00e9ral sur la Protection des Donn\u00e9es (RGPD \u2013 r\u00e8glement UE 2016\/679).<\/p>\n\n\n\n<hr class=\"wp-block-separator has-alpha-channel-opacity\"\/>\n\n\n\n<p class=\"has-large-font-size\"><strong>1. Identit\u00e9 du responsable de traitement<\/strong><\/p>\n\n\n\n<p><strong>Responsable de traitement :<\/strong><br><strong>Sylvia de Roulhac<\/strong><br>Psychanalyste \u2013 Psychopraticienne<br>Adresse : <strong>43 BVD Jean Jaures 11000 Carcassonne<\/strong><br>Email : <strong>sylvia11160@gmail.com<\/strong><br>SIRET : 897 958 286 <\/p>\n\n\n\n<hr class=\"wp-block-separator has-alpha-channel-opacity\"\/>\n\n\n\n<p class=\"has-large-font-size\"><strong>2. Donn\u00e9es personnelles collect\u00e9es<\/strong><\/p>\n\n\n\n<p>Les donn\u00e9es collect\u00e9es via ce site internet (formulaire de contact, prise de rendez-vous, etc.) peuvent inclure :<\/p>\n\n\n\n<ul class=\"wp-block-list\">\n<li><strong>Sylvia de Roulhac<\/strong><\/li>\n\n\n\n<li><strong>sylvia11160@gmail.com<\/strong><\/li>\n\n\n\n<li><strong>0619344058<\/strong><\/li>\n\n\n\n<li>Les informations personnelles que vous saisissez dans les formulaires (nom, pr\u00e9nom, adresse e-mail, t\u00e9l\u00e9phone, message, etc.)\u00a0\u00bb<\/li>\n<\/ul>\n\n\n\n<p>Aucune donn\u00e9e sensible (ex. : informations de sant\u00e9) n&rsquo;est collect\u00e9e via le site sans votre consentement explicite.<\/p>\n\n\n\n<hr class=\"wp-block-separator has-alpha-channel-opacity\"\/>\n\n\n\n<p class=\"has-large-font-size\"><strong>3. Finalit\u00e9 des traitements<\/strong><\/p>\n\n\n\n<p>Les donn\u00e9es sont collect\u00e9es pour les finalit\u00e9s suivantes :<\/p>\n\n\n\n<ul class=\"wp-block-list\">\n<li>R\u00e9pondre \u00e0 vos demandes de contact<\/li>\n\n\n\n<li>Prendre et g\u00e9rer les rendez-vous<\/li>\n\n\n\n<li>\u00c9changer dans le cadre de la relation th\u00e9rapeutique (hors site)<\/li>\n\n\n\n<li>Respecter les obligations l\u00e9gales et r\u00e9glementaires<\/li>\n<\/ul>\n\n\n\n<hr class=\"wp-block-separator has-alpha-channel-opacity\"\/>\n\n\n\n<p class=\"has-large-font-size\"><strong>4. Base l\u00e9gale du traitement<\/strong><\/p>\n\n\n\n<p>La base l\u00e9gale du traitement est :<\/p>\n\n\n\n<ul class=\"wp-block-list\">\n<li>Le <strong>consentement<\/strong> (pour les formulaires)<\/li>\n\n\n\n<li>L\u2019<strong>ex\u00e9cution d\u2019un contrat<\/strong> ou de mesures pr\u00e9contractuelles (dans le cadre de la relation th\u00e9rapeutique)<\/li>\n\n\n\n<li>Le <strong>respect d\u2019obligations l\u00e9gales<\/strong><\/li>\n<\/ul>\n\n\n\n<hr class=\"wp-block-separator has-alpha-channel-opacity\"\/>\n\n\n\n<p class=\"has-large-font-size\"><strong>5. Dur\u00e9e de conservation<\/strong><\/p>\n\n\n\n<p>Les donn\u00e9es sont conserv\u00e9es pendant une dur\u00e9e strictement n\u00e9cessaire \u00e0 la r\u00e9alisation des finalit\u00e9s mentionn\u00e9es ci-dessus, sauf obligations l\u00e9gales sp\u00e9cifiques.<\/p>\n\n\n\n<ul class=\"wp-block-list\">\n<li>Donn\u00e9es de contact : 1 an apr\u00e8s le dernier \u00e9change<\/li>\n\n\n\n<li>Donn\u00e9es comptables : 10 ans (obligation l\u00e9gale)<\/li>\n<\/ul>\n\n\n\n<hr class=\"wp-block-separator has-alpha-channel-opacity\"\/>\n\n\n\n<p class=\"has-large-font-size\"><strong>6. Destinataires des donn\u00e9es<\/strong><\/p>\n\n\n\n<p>Les donn\u00e9es personnelles ne sont en aucun cas vendues ou transmises \u00e0 des tiers.<br>Elles peuvent \u00eatre accessibles uniquement :<\/p>\n\n\n\n<ul class=\"wp-block-list\">\n<li>\u00c0 <strong>Sylvia de Roulhac<\/strong>, dans le cadre de son activit\u00e9<\/li>\n\n\n\n<li>\u00c0 l\u2019h\u00e9bergeur du site, uniquement pour des raisons techniques<\/li>\n<\/ul>\n\n\n\n<hr class=\"wp-block-separator has-alpha-channel-opacity\"\/>\n\n\n\n<p class=\"has-large-font-size\"><strong>7. S\u00e9curit\u00e9 des donn\u00e9es<\/strong><\/p>\n\n\n\n<p>Des mesures techniques et organisationnelles sont mises en place pour garantir la confidentialit\u00e9, l&rsquo;int\u00e9grit\u00e9 et la s\u00e9curit\u00e9 des donn\u00e9es personnelles.<\/p>\n\n\n\n<hr class=\"wp-block-separator has-alpha-channel-opacity\"\/>\n\n\n\n<p class=\"has-large-font-size\"><strong>8. Vos droits<\/strong><\/p>\n\n\n\n<p>Conform\u00e9ment \u00e0 la r\u00e9glementation en vigueur, vous disposez des droits suivants :<\/p>\n\n\n\n<ul class=\"wp-block-list\">\n<li>Droit d\u2019acc\u00e8s \u00e0 vos donn\u00e9es<\/li>\n\n\n\n<li>Droit de rectification<\/li>\n\n\n\n<li>Droit \u00e0 l\u2019effacement<\/li>\n\n\n\n<li>Droit \u00e0 la limitation du traitement<\/li>\n\n\n\n<li>Droit \u00e0 la portabilit\u00e9<\/li>\n\n\n\n<li>Droit d\u2019opposition au traitement<\/li>\n<\/ul>\n\n\n\n<p>Pour exercer ces droits, vous pouvez contacter : <strong>sylvia11160@gmail.com<\/strong><\/p>\n\n\n\n<p>En cas de d\u00e9saccord, vous pouvez \u00e9galement introduire une r\u00e9clamation aupr\u00e8s de la <strong>CNIL<\/strong> (<a href=\"http:\/\/www.cnil.fr\" target=\"_blank\" rel=\"noreferrer noopener\">www.cnil.fr<\/a>).<\/p>\n\n\n\n<hr class=\"wp-block-separator has-alpha-channel-opacity\"\/>\n\n\n\n<p class=\"has-large-font-size\"><strong>9. Cookies<\/strong><\/p>\n\n\n\n<p>Le site utilise des cookies uniquement dans le cadre de son bon fonctionnement et de sa s\u00e9curit\u00e9. Ces cookies sont strictement n\u00e9cessaires et ne sont pas soumis \u00e0 une demande de consentement pr\u00e9alable.<\/p>\n\n\n\n<p>Plus pr\u00e9cis\u00e9ment, les cookies suivants peuvent \u00eatre d\u00e9pos\u00e9s sur votre navigateur lors de votre visite :<br><strong><code>__cf_bm<\/code><\/strong> : Ce cookie est install\u00e9 par le service Cloudflare pour assurer la protection du site contre les attaques et comportements malveillants. Il permet de distinguer les visiteurs humains des robots et contribue ainsi \u00e0 maintenir la s\u00e9curit\u00e9 et la performance du site. Aucune donn\u00e9e personnelle n\u2019est collect\u00e9e \u00e0 des fins publicitaires.<br>Le site <strong>ne collecte ni n\u2019exploite aucune donn\u00e9e personnelle \u00e0 des fins de suivi publicitaire ou de statistiques<\/strong>.<\/p>\n\n\n\n<p>Vous pouvez, \u00e0 tout moment, modifier ou retirer votre consentement relatif aux cookies via l\u2019ic\u00f4ne ou le lien pr\u00e9vu \u00e0 cet effet en bas de page.<\/p>\n","protected":false},"excerpt":{"rendered":"<p>Dans le cadre de son activit\u00e9, Sylvia de Roulhac, psychanalyste et psychopraticienne, est amen\u00e9e \u00e0 collecter et traiter des donn\u00e9es \u00e0 caract\u00e8re personnel. Cette politique de confidentialit\u00e9 a pour objectif de vous informer sur la mani\u00e8re dont vos donn\u00e9es sont collect\u00e9es, utilis\u00e9es et prot\u00e9g\u00e9es conform\u00e9ment au R\u00e8glement G\u00e9n\u00e9ral sur la Protection des Donn\u00e9es (RGPD \u2013 [&hellip;]<\/p>\n","protected":false},"author":1,"featured_media":0,"parent":0,"menu_order":0,"comment_status":"closed","ping_status":"closed","template":"","meta":{"_themeisle_gutenberg_block_has_review":false,"footnotes":""},"class_list":["post-1907","page","type-page","status-publish","hentry"],"yoast_head":"<!-- This site is optimized with the Yoast SEO plugin v25.3 - https:\/\/yoast.com\/wordpress\/plugins\/seo\/ -->\n<title>Politique de Confidentialit\u00e9 (RGPD) - Sylvia de Roulhac - Psy Carcassonne<\/title>\n<meta name=\"robots\" content=\"index, follow, max-snippet:-1, max-image-preview:large, max-video-preview:-1\" \/>\n<link rel=\"canonical\" href=\"https:\/\/psy-sylviaderoulhac.fr\/?page_id=1907\" \/>\n<meta property=\"og:locale\" content=\"fr_FR\" \/>\n<meta property=\"og:type\" content=\"article\" \/>\n<meta property=\"og:title\" content=\"Politique de Confidentialit\u00e9 (RGPD) - Sylvia de Roulhac - Psy Carcassonne\" \/>\n<meta property=\"og:description\" content=\"Dans le cadre de son activit\u00e9, Sylvia de Roulhac, psychanalyste et psychopraticienne, est amen\u00e9e \u00e0 collecter et traiter des donn\u00e9es \u00e0 caract\u00e8re personnel. Cette politique de confidentialit\u00e9 a pour objectif de vous informer sur la mani\u00e8re dont vos donn\u00e9es sont collect\u00e9es, utilis\u00e9es et prot\u00e9g\u00e9es conform\u00e9ment au R\u00e8glement G\u00e9n\u00e9ral sur la Protection des Donn\u00e9es (RGPD \u2013 [&hellip;]\" \/>\n<meta property=\"og:url\" content=\"https:\/\/psy-sylviaderoulhac.fr\/?page_id=1907\" \/>\n<meta property=\"og:site_name\" content=\"Sylvia de Roulhac - Psy Carcassonne\" \/>\n<meta property=\"article:publisher\" content=\"https:\/\/www.facebook.com\/sylvia.gregoirederoulhac?locale=fr_FR\" \/>\n<meta property=\"article:modified_time\" content=\"2025-06-16T09:55:23+00:00\" \/>\n<meta name=\"twitter:card\" content=\"summary_large_image\" \/>\n<meta name=\"twitter:label1\" content=\"Dur\u00e9e de lecture estim\u00e9e\" \/>\n\t<meta name=\"twitter:data1\" content=\"3 minutes\" \/>\n<script type=\"application\/ld+json\" class=\"yoast-schema-graph\">{\"@context\":\"https:\/\/schema.org\",\"@graph\":[{\"@type\":\"WebPage\",\"@id\":\"https:\/\/psy-sylviaderoulhac.fr\/?page_id=1907\",\"url\":\"https:\/\/psy-sylviaderoulhac.fr\/?page_id=1907\",\"name\":\"Politique de Confidentialit\u00e9 (RGPD) - Sylvia de Roulhac - Psy Carcassonne\",\"isPartOf\":{\"@id\":\"https:\/\/psy-sylviaderoulhac.fr\/#website\"},\"datePublished\":\"2025-06-13T14:52:36+00:00\",\"dateModified\":\"2025-06-16T09:55:23+00:00\",\"breadcrumb\":{\"@id\":\"https:\/\/psy-sylviaderoulhac.fr\/?page_id=1907#breadcrumb\"},\"inLanguage\":\"fr-FR\",\"potentialAction\":[{\"@type\":\"ReadAction\",\"target\":[\"https:\/\/psy-sylviaderoulhac.fr\/?page_id=1907\"]}]},{\"@type\":\"BreadcrumbList\",\"@id\":\"https:\/\/psy-sylviaderoulhac.fr\/?page_id=1907#breadcrumb\",\"itemListElement\":[{\"@type\":\"ListItem\",\"position\":1,\"name\":\"Accueil\",\"item\":\"https:\/\/psy-sylviaderoulhac.fr\/\"},{\"@type\":\"ListItem\",\"position\":2,\"name\":\"Politique de Confidentialit\u00e9 (RGPD)\"}]},{\"@type\":\"WebSite\",\"@id\":\"https:\/\/psy-sylviaderoulhac.fr\/#website\",\"url\":\"https:\/\/psy-sylviaderoulhac.fr\/\",\"name\":\"Sylvia de Roulhac - Psy Carcassonne\",\"description\":\"centre bien-\u00eatre Biosport 43 BVD Jean Jaures 11000 Carcassonne face \u00e0&lt;br&gt;la station-service du M\u00e9tropole\",\"publisher\":{\"@id\":\"https:\/\/psy-sylviaderoulhac.fr\/#organization\"},\"potentialAction\":[{\"@type\":\"SearchAction\",\"target\":{\"@type\":\"EntryPoint\",\"urlTemplate\":\"https:\/\/psy-sylviaderoulhac.fr\/?s={search_term_string}\"},\"query-input\":{\"@type\":\"PropertyValueSpecification\",\"valueRequired\":true,\"valueName\":\"search_term_string\"}}],\"inLanguage\":\"fr-FR\"},{\"@type\":\"Organization\",\"@id\":\"https:\/\/psy-sylviaderoulhac.fr\/#organization\",\"name\":\"Sylvia de Roulhac - Psy Carcassonne\",\"url\":\"https:\/\/psy-sylviaderoulhac.fr\/\",\"logo\":{\"@type\":\"ImageObject\",\"inLanguage\":\"fr-FR\",\"@id\":\"https:\/\/psy-sylviaderoulhac.fr\/#\/schema\/logo\/image\/\",\"url\":\"https:\/\/psy-sylviaderoulhac.fr\/wp-content\/uploads\/2024\/04\/cropped-cropped-cropped-logo-Sylvia-psy.jpg\",\"contentUrl\":\"https:\/\/psy-sylviaderoulhac.fr\/wp-content\/uploads\/2024\/04\/cropped-cropped-cropped-logo-Sylvia-psy.jpg\",\"width\":233,\"height\":233,\"caption\":\"Sylvia de Roulhac - Psy Carcassonne\"},\"image\":{\"@id\":\"https:\/\/psy-sylviaderoulhac.fr\/#\/schema\/logo\/image\/\"},\"sameAs\":[\"https:\/\/www.facebook.com\/sylvia.gregoirederoulhac?locale=fr_FR\",\"https:\/\/www.instagram.com\/massages_carcassonne_\/\",\"https:\/\/www.psychologue.net\/cabinets\/sylvia-gregoire-de-roulhac\"]}]}<\/script>\n<!-- \/ Yoast SEO plugin. -->","yoast_head_json":{"title":"Politique de Confidentialit\u00e9 (RGPD) - Sylvia de Roulhac - Psy Carcassonne","robots":{"index":"index","follow":"follow","max-snippet":"max-snippet:-1","max-image-preview":"max-image-preview:large","max-video-preview":"max-video-preview:-1"},"canonical":"https:\/\/psy-sylviaderoulhac.fr\/?page_id=1907","og_locale":"fr_FR","og_type":"article","og_title":"Politique de Confidentialit\u00e9 (RGPD) - Sylvia de Roulhac - Psy Carcassonne","og_description":"Dans le cadre de son activit\u00e9, Sylvia de Roulhac, psychanalyste et psychopraticienne, est amen\u00e9e \u00e0 collecter et traiter des donn\u00e9es \u00e0 caract\u00e8re personnel. Cette politique de confidentialit\u00e9 a pour objectif de vous informer sur la mani\u00e8re dont vos donn\u00e9es sont collect\u00e9es, utilis\u00e9es et prot\u00e9g\u00e9es conform\u00e9ment au R\u00e8glement G\u00e9n\u00e9ral sur la Protection des Donn\u00e9es (RGPD \u2013 [&hellip;]","og_url":"https:\/\/psy-sylviaderoulhac.fr\/?page_id=1907","og_site_name":"Sylvia de Roulhac - Psy Carcassonne","article_publisher":"https:\/\/www.facebook.com\/sylvia.gregoirederoulhac?locale=fr_FR","article_modified_time":"2025-06-16T09:55:23+00:00","twitter_card":"summary_large_image","twitter_misc":{"Dur\u00e9e de lecture estim\u00e9e":"3 minutes"},"schema":{"@context":"https:\/\/schema.org","@graph":[{"@type":"WebPage","@id":"https:\/\/psy-sylviaderoulhac.fr\/?page_id=1907","url":"https:\/\/psy-sylviaderoulhac.fr\/?page_id=1907","name":"Politique de Confidentialit\u00e9 (RGPD) - Sylvia de Roulhac - Psy Carcassonne","isPartOf":{"@id":"https:\/\/psy-sylviaderoulhac.fr\/#website"},"datePublished":"2025-06-13T14:52:36+00:00","dateModified":"2025-06-16T09:55:23+00:00","breadcrumb":{"@id":"https:\/\/psy-sylviaderoulhac.fr\/?page_id=1907#breadcrumb"},"inLanguage":"fr-FR","potentialAction":[{"@type":"ReadAction","target":["https:\/\/psy-sylviaderoulhac.fr\/?page_id=1907"]}]},{"@type":"BreadcrumbList","@id":"https:\/\/psy-sylviaderoulhac.fr\/?page_id=1907#breadcrumb","itemListElement":[{"@type":"ListItem","position":1,"name":"Accueil","item":"https:\/\/psy-sylviaderoulhac.fr\/"},{"@type":"ListItem","position":2,"name":"Politique de Confidentialit\u00e9 (RGPD)"}]},{"@type":"WebSite","@id":"https:\/\/psy-sylviaderoulhac.fr\/#website","url":"https:\/\/psy-sylviaderoulhac.fr\/","name":"Sylvia de Roulhac - Psy Carcassonne","description":"centre bien-\u00eatre Biosport 43 BVD Jean Jaures 11000 Carcassonne face \u00e0&lt;br&gt;la station-service du M\u00e9tropole","publisher":{"@id":"https:\/\/psy-sylviaderoulhac.fr\/#organization"},"potentialAction":[{"@type":"SearchAction","target":{"@type":"EntryPoint","urlTemplate":"https:\/\/psy-sylviaderoulhac.fr\/?s={search_term_string}"},"query-input":{"@type":"PropertyValueSpecification","valueRequired":true,"valueName":"search_term_string"}}],"inLanguage":"fr-FR"},{"@type":"Organization","@id":"https:\/\/psy-sylviaderoulhac.fr\/#organization","name":"Sylvia de Roulhac - Psy Carcassonne","url":"https:\/\/psy-sylviaderoulhac.fr\/","logo":{"@type":"ImageObject","inLanguage":"fr-FR","@id":"https:\/\/psy-sylviaderoulhac.fr\/#\/schema\/logo\/image\/","url":"https:\/\/psy-sylviaderoulhac.fr\/wp-content\/uploads\/2024\/04\/cropped-cropped-cropped-logo-Sylvia-psy.jpg","contentUrl":"https:\/\/psy-sylviaderoulhac.fr\/wp-content\/uploads\/2024\/04\/cropped-cropped-cropped-logo-Sylvia-psy.jpg","width":233,"height":233,"caption":"Sylvia de Roulhac - Psy Carcassonne"},"image":{"@id":"https:\/\/psy-sylviaderoulhac.fr\/#\/schema\/logo\/image\/"},"sameAs":["https:\/\/www.facebook.com\/sylvia.gregoirederoulhac?locale=fr_FR","https:\/\/www.instagram.com\/massages_carcassonne_\/","https:\/\/www.psychologue.net\/cabinets\/sylvia-gregoire-de-roulhac"]}]}},"_links":{"self":[{"href":"https:\/\/psy-sylviaderoulhac.fr\/index.php?rest_route=\/wp\/v2\/pages\/1907","targetHints":{"allow":["GET"]}}],"collection":[{"href":"https:\/\/psy-sylviaderoulhac.fr\/index.php?rest_route=\/wp\/v2\/pages"}],"about":[{"href":"https:\/\/psy-sylviaderoulhac.fr\/index.php?rest_route=\/wp\/v2\/types\/page"}],"author":[{"embeddable":true,"href":"https:\/\/psy-sylviaderoulhac.fr\/index.php?rest_route=\/wp\/v2\/users\/1"}],"replies":[{"embeddable":true,"href":"https:\/\/psy-sylviaderoulhac.fr\/index.php?rest_route=%2Fwp%2Fv2%2Fcomments&post=1907"}],"version-history":[{"count":7,"href":"https:\/\/psy-sylviaderoulhac.fr\/index.php?rest_route=\/wp\/v2\/pages\/1907\/revisions"}],"predecessor-version":[{"id":1919,"href":"https:\/\/psy-sylviaderoulhac.fr\/index.php?rest_route=\/wp\/v2\/pages\/1907\/revisions\/1919"}],"wp:attachment":[{"href":"https:\/\/psy-sylviaderoulhac.fr\/index.php?rest_route=%2Fwp%2Fv2%2Fmedia&parent=1907"}],"curies":[{"name":"wp","href":"https:\/\/api.w.org\/{rel}","templated":true}]}}